i - 1. Let h be p(-3). Let w be (-27)/(-6)*(-40)/(-6). Let f be w + h*(2 - 3). Calculate the greatest common factor of 4 and f.
4
Let z be -1 - (-5 - -3 - -1). Suppose -3*b = -z*b - 429. What is the highest common divisor of b and 13?
13
Let h be -6 + 2 - 1*-85. What is the greatest common divisor of h and 9?
9
Let d(u) = 2*u**3 + 2*u**2 - 1. Let s be d(-2). Let i = s + 5. Let q be (207/(-2))/(i/8). What is the greatest common divisor of 23 and q?
23
Let p be 48/(-4)*(-2)/6. Let x be p/14 - 36/(-21). Suppose o - x = 2*l, 4*o - 4*l - 9 - 19 = 0. Calculate the greatest common factor of o and 24.
12
Let f be 5/4*(30 - 2). Let j(a) = 7*a**2 + a + 1. Let t be j(-1). What is the highest common divisor of f and t?
7
Let b(w) = -103*w + 1. Let d be b(-1). What is the highest common divisor of d and 13?
13
Let k be 266/4 - ((-66)/(-12))/11. Suppose 17 = 2*z - 7. Let y = z + -6. Calculate the greatest common factor of k and y.
6
Let p = 7 + -16. Let y = -5 - p. What is the greatest common factor of y and 6?
2
Suppose 0 = -2*a + 106 + 184. Let h = -65 + a. What is the highest common divisor of 32 and h?
16
Let g = -6 - -20. What is the highest common factor of 7 and g?
7
Suppose -u = -2, 5*u + 24 + 34 = 4*p. Let d(y) = 85*y**3 + 1. Let n be d(1). Suppose -n + 392 = 2*x. Calculate the greatest common divisor of p and x.
17
Suppose -3*x + 11 = -5*q, 2*x + 0*x - 4*q = 6. What is the highest common divisor of 14 and x?
7
Let l(z) = 24*z - 24. Let d be l(8). Calculate the greatest common factor of d and 21.
21
Suppose -s = 2*b + 12, 0 = -0*s + 5*s - 5*b + 105. Let c = 36 + s. Calculate the highest common factor of 162 and c.
18
Let p(w) = -2*w - 4*w - 4 + 2*w**2 - 2*w. Let y be p(6). Calculate the highest common divisor of y and 30.
10
Let r(g) = g**3 + 5*g**2 - 9*g - 1. Let s be r(-6). Calculate the greatest common divisor of 17 and s.
17
Suppose -5*i + 50 = -0*i. Let f be 8/44 - (-20)/11. What is the greatest common divisor of f and i?
2
Let t(n) = n**3 + 6*n**2 - 7*n + 7. Let i be t(-7). Calculate the highest common divisor of 77 and i.
7
Let u be (1/1)/(2/68). Calculate the highest common divisor of 272 and u.
34
Let j be (6 + 2)*1 + -1. Let x = -19 - -68. Calculate the greatest common factor of x and j.
7
Suppose i = b - 2 - 5, b = 3*i + 15. Let g be 113 + b - 12/(-3). What is the greatest common divisor of 15 and g?
15
Let f(z) = 46*z - 116. Let y be f(3). Suppose 3 = -m - 26. Let x = -18 - m. What is the greatest common divisor of x and y?
11
Let h = 12 - 8. Suppose v + 3*g = 3*v - 7, -3*v + h*g + 12 = 0. What is the highest common divisor of 1 and v?
1
Let a = 11 - 7. Calculate the highest common factor of a and 2.
2
Let v = 9 - 5. Suppose v*u - 4*r + 0*r = 64, -2*r = 4*u - 58. Let l = u + -6. Calculate the highest common factor of l and 72.
9
Suppose 8*l - 3*l - 400 = 0. Calculate the highest common divisor of 20 and l.
20
Suppose 4*j + 0*j = 0. Suppose j = 2*u - 21 - 109. What is the greatest common divisor of 26 and u?
13
Suppose 3*j - 5*c - 50 = 2*j, 2*j + 2*c = 40. What is the highest common divisor of 100 and j?
25
Suppose 0*o - 5*o = 0. Suppose o*z = -2*z + 20. Calculate the highest common factor of z and 10.
10
Let s be ((-23)/3)/(2/(-30)). Suppose -5*l = 3*m - s, -3*m + 0*l + 85 = -l. Suppose -5*g + 39 = 9. What is the greatest common divisor of g and m?
6
Suppose -u = 1 - 2. Let l = 10 + -9. Let h = 2 - l. What is the highest common factor of h and u?
1
Let a(r) = 4*r + 3. Let h be a(5). What is the highest common divisor of 207 and h?
23
Let i = 5 + -2. Suppose -2*s - 29 + 559 = 0. Suppose -6*q = -2*q - 5*x - s, -5*x = -i*q + 205. What is the highest common divisor of 24 and q?
12
Suppose 5*c - 5 = -0. Suppose -c = 2*k - 7. Calculate the greatest common divisor of k and 21.
3
Let h(j) = -24*j - 8. Let q be h(-7). Let k = q - 28. Calculate the greatest common divisor of 12 and k.
12
Let h(a) = a**3 + 5*a**2 + 2. Let k be h(-4). Calculate the greatest common factor of 2 and k.
2
Suppose -10 = 3*y + 2, 5*w = -3*y + 8. Suppose 0 = 6*m - m - v - 10, 6 = 3*m + 3*v. What is the greatest common divisor of w and m?
2
Let u = -5 - -9. Suppose g = -u*g + 20. Let k be (-158)/(-3) - g/6. Calculate the greatest common divisor of k and 13.
13
Let y(k) = -6*k - 2. Let h be y(-3). Let u = -189 - -301. Calculate the greatest common factor of u and h.
16
Let s be (2/8)/((-2)/(-4))*18. What is the greatest common divisor of 36 and s?
9
Let o(i) = 12*i**2 + 4*i + 3. Let u be o(-3). What is the highest common divisor of u and 9?
9
Suppose -a + 394 = -3*g, -3*g - 77 = 3*a + 313. Let s = 252 + g. Calculate the greatest common divisor of s and 11.
11
Let d = -4 - -7. What is the greatest common divisor of 9 and d?
3
Suppose 2*f = 8*f - 102. Calculate the highest common factor of 85 and f.
17
Suppose 0 = -3*n - n - 4. Let i be (13 - 11)/(n/(-11)). Calculate the greatest common factor of 22 and i.
22
Let y be (30/25)/(3/10). Let h be 44 + (y - 3) + 0. Let i = -8 + 13. Calculate the highest common factor of i and h.
5
Suppose 0*t + 8 = 2*t. Suppose 3*r - 2 = t. Suppose -r*f = -6*f + 72. What is the highest common divisor of 2 and f?
2
Let w be (-66)/(-30) + (-2)/10. Calculate the greatest common factor of 2 and w.
2
Let q be 6/(-10) + 23/5. Suppose -4*p = -3*r + 4 + q, 3*p - 4*r + 6 = 0. Let k be ((-18)/(-2) - p)*1. Calculate the highest common factor of 1 and k.
1
Suppose -26 = -s - 3*u + 8*u, -4*s + 4*u + 72 = 0. Calculate the highest common factor of s and 24.
8
Let a(o) = 2*o**2 + 3*o + 3. Let b be a(-5). Suppose 7*y = 5*y + 38. Calculate the greatest common factor of b and y.
19
Let a(o) = -15*o - 7. Let u be a(-10). Calculate the greatest common factor of 13 and u.
13
Let a be 3 - (0 - -2) - -1. Suppose -9 = a*f - 39. What is the greatest common factor of 15 and f?
15
Suppose -r - 1 + 19 = 0. Calculate the greatest common divisor of r and 126.
18
Let z(c) = -2 + 7 + 1 + 26*c - 2*c. Let q be z(5). What is the highest common divisor of 18 and q?
18
Suppose s + 35 = 5*p, 5*s + 8 = 33. Suppose -p = -3*c + 13. Calculate the highest common factor of c and 7.
7
Suppose -3*c - 4*v = -c - 22, -2*c - 2*v + 24 = 0. Suppose t = -2*m + 21, 2*m + 5*t - c = -4. What is the highest common divisor of m and 3?
3
Let m be 1/(-2 + 21/9). Suppose -l + 41 = 2*i, m*l = 4*i - 21 - 46. What is the greatest common divisor of i and 76?
19
Let t(p) be the second derivative of -p**3/6 - 2*p**2 + 2*p. Let g be t(-4). Suppose g = 4*c - 1 - 15. Calculate the highest common factor of c and 32.
4
Let g be (0 - -4)*14/2. What is the highest common divisor of g and 196?
28
Let v(k) = -k + 33. Let f be v(22). What is the highest common factor of f and 22?
11
Suppose -3*j = -g + 5, -3*j = -g - 5*j + 5. Suppose 0 = 4*f - g*f + 7. Calculate the highest common factor of 14 and f.
7
Let y = 32 + -9. Let p = 1436 + -694. Suppose 2*u = -4*k + 4*u + p, 0 = -k + u + 187. Calculate the greatest common factor of y and k.
23
Let x(w) = -w**3 - w + 142. Let h be x(0). Suppose -5*r + 2*i + h = 0, 2*r + 2*i - 35 = 33. Let v = r + -17. Calculate the highest common divisor of 13 and v.
13
Let n be -3*((-656)/12 - -3). Calculate the greatest common factor of 62 and n.
31
Let k(r) = r**2 - r + 7. Let q be k(0). Let t = q - 5. Suppose t*m = 7*m - 50. What is the highest common factor of 10 and m?
10
Let f = -120 - -123. Suppose -4*k - 1 = -13. Calculate the highest common divisor of f and k.
3
Let c be (34/8)/(13/52). Calculate the greatest common divisor of c and 51.
17
Suppose 0 - 6 = -2*g. Suppose -4*a + o = -4*o - 30, g*o = a - 11. Suppose a*h = 2*d - 8, 3*d - h = -3*h + 50. What is the highest common divisor of d and 35?
7
Let d = -3 + 3. Suppose k - 12 = -d*k. What is the highest common factor of k and 84?
12
Suppose -2*c = 5*c - 28. Let f = 32 - 19. Suppose 4*y = 7*y - 5*k - f, -y + 1 = -5*k. Calculate the greatest common divisor of c and y.
2
Suppose -5*c + c + 49 = -3*m, 2*c - 2*m = 26. Let a(r) = -2*r - 4. Let l be a(-7). What is the greatest common divisor of l and c?
10
Let n(u) = u - 10. Let c(i) = -i**3 - 4*i**2 - 4*i - 6. Let s be c(-4). Let h be n(s). Suppose h*z = -z + 18. What is the greatest common divisor of 9 and z?
9
Let l(v) = -3*v**3 + v**2 + 2*v + 2. Let f be l(-2). What is the greatest c